{"id":956,"date":"2022-06-06T11:55:41","date_gmt":"2022-06-06T08:55:41","guid":{"rendered":"https:\/\/turpet.com.tr\/?page_id=956"},"modified":"2022-07-06T15:37:42","modified_gmt":"2022-07-06T12:37:42","slug":"temizleyiciler","status":"publish","type":"page","link":"https:\/\/turpet.com.tr\/?page_id=956","title":{"rendered":"Temizleyiciler"},"content":{"rendered":"<p>[vc_row][vc_column][vc_empty_space height=&#8221;64px&#8221;][\/vc_column][\/vc_row][vc_row content_placement=&#8221;middle&#8221;][vc_column width=&#8221;1\/2&#8243;][vc_single_image image=&#8221;1301&#8243; img_size=&#8221;full&#8221;][\/vc_column][vc_column width=&#8221;1\/2&#8243;][vc_column_text]<\/p>\n<div class=\"elementor-element elementor-element-31ab621 elementor-widget elementor-widget-jet-single-excerpt\" data-id=\"31ab621\" data-element_type=\"widget\" data-widget_type=\"jet-single-excerpt.default\">\n<div class=\"elementor-widget-container\">\n<div class=\"elementor-jet-single-excerpt jet-woo-builder\">\n<div class=\"woocommerce-product-details__short-description\">\n<p style=\"text-align: center;\">Metallerin temizlenmesinde kullan\u0131lan, y\u00fczey aktif maddesi g\u00fc\u00e7l\u00fc alkali bir ya\u011f alma s\u0131v\u0131s\u0131d\u0131r. Metal y\u00fczeyinde kalan ya\u011f kal\u0131nt\u0131lar\u0131n\u0131 temizler ve b\u00f6ylece uygun bir y\u00fczey haz\u0131rlar.<\/p>\n<\/div>\n<\/div>\n<\/div>\n<\/div>\n<p>[\/vc_column_text][\/vc_column][\/vc_row][vc_row][vc_column][vc_empty_space][\/vc_column][\/vc_row]<\/p>\n","protected":false},"excerpt":{"rendered":"<p>[vc_row][vc_column][vc_empty_space height=&#8221;64px&#8221;][\/vc_column][\/vc_row][vc_row content_placement=&#8221;middle&#8221;][vc_column width=&#8221;1\/2&#8243;][vc_single_image image=&#8221;1301&#8243; img_size=&#8221;full&#8221;][\/vc_column][vc_column width=&#8221;1\/2&#8243;][vc_column_text] Metallerin temizlenmesinde kullan\u0131lan, y\u00fczey aktif maddesi g\u00fc\u00e7l\u00fc alkali bir ya\u011f alma s\u0131v\u0131s\u0131d\u0131r. Metal y\u00fczeyinde kalan ya\u011f kal\u0131nt\u0131lar\u0131n\u0131 temizler ve b\u00f6ylece uygun bir y\u00fczey haz\u0131rlar. [\/vc_column_text][\/vc_column][\/vc_row][vc_row][vc_column][vc_empty_space][\/vc_column][\/vc_row]<\/p>\n","protected":false},"author":1,"featured_media":0,"parent":0,"menu_order":0,"comment_status":"closed","ping_status":"closed","template":"","meta":{"footnotes":""},"class_list":["post-956","page","type-page","status-publish","hentry"],"_links":{"self":[{"href":"https:\/\/turpet.com.tr\/index.php?rest_route=\/wp\/v2\/pages\/956","targetHints":{"allow":["GET"]}}],"collection":[{"href":"https:\/\/turpet.com.tr\/index.php?rest_route=\/wp\/v2\/pages"}],"about":[{"href":"https:\/\/turpet.com.tr\/index.php?rest_route=\/wp\/v2\/types\/page"}],"author":[{"embeddable":true,"href":"https:\/\/turpet.com.tr\/index.php?rest_route=\/wp\/v2\/users\/1"}],"replies":[{"embeddable":true,"href":"https:\/\/turpet.com.tr\/index.php?rest_route=%2Fwp%2Fv2%2Fcomments&post=956"}],"version-history":[{"count":6,"href":"https:\/\/turpet.com.tr\/index.php?rest_route=\/wp\/v2\/pages\/956\/revisions"}],"predecessor-version":[{"id":1302,"href":"https:\/\/turpet.com.tr\/index.php?rest_route=\/wp\/v2\/pages\/956\/revisions\/1302"}],"wp:attachment":[{"href":"https:\/\/turpet.com.tr\/index.php?rest_route=%2Fwp%2Fv2%2Fmedia&parent=956"}],"curies":[{"name":"wp","href":"https:\/\/api.w.org\/{rel}","templated":true}]}}